{"id":14,"date":"2006-11-11T15:02:47","date_gmt":"2006-11-11T14:02:47","guid":{"rendered":"http:\/\/blog.dreiersoftware.de\/?page_id=10"},"modified":"2006-11-11T15:02:47","modified_gmt":"2006-11-11T14:02:47","slug":"isem","status":"publish","type":"page","link":"https:\/\/blog.dreier.cloud\/?page_id=14","title":{"rendered":"ISEM"},"content":{"rendered":"<p>ISEM &#8211; was ist das?<\/p>\n<p>Der Begriff des International Seminars (ISEM, ISem, IntSem) taucht in meinen Posts \u00f6fters auf. Damit ihr euch nicht mehr fragen m\u00fcsst, was das eigentlich ist: Hier die Antwort.<\/p>\n<p>Viele (dieses Jahr etwa 130) Studenten aus Mannheim (BA), L\u00f6rrach (BA) und Basel (FHnw) werden in Gruppen (4 Leute) aufgeteilt und m\u00fcssen eine Seminararbeit zu einem Thema erstellen. Diese Themen sind alle einem gro\u00dfen Thema \u00fcbergeordnet (dieses Jahr: Afrika).<\/p>\n<p>Nachdem diese vielen Menschen sich dann lange genug (etwa vier Monate) miteinander und \u00c3\u00bcbereinander (meistens \u00fcber die Schweizer) ge\u00e4rgert haben, wird die Arbeit abgegeben und eine Seminarwoche veranstaltet. Diese dauert vier Tage, alle arbeiten fr\u00f6hlich und <strike>entspannt<\/strike> &#8222;entspannt&#8220; miteinander und m\u00fcssen, in gr\u00f6\u00dfere Gruppen (je 5 Kleingruppen) zusammengefasst, einen Informationsmarkt (Poster + Pr\u00e4sentation) erstellen. Dieser wird dann am Abschlusstag beim Sponsor-Unternehmen (dieses Jahr: <a target=\"_blank\" title=\"SAP\" href=\"http:\/\/www.sap.com\" rel=\"noopener\">SAP AG<\/a>, Walldorf) vorgestellt.<\/p>\n<p>Dazu gibt&#8217;s noch eine Reihe von Fachvortr\u00e4gen sowie Unterhaltung und Essen.<\/p>\n<p>Und warum stresst das so?<\/p>\n<ul>\n<li>Die meisten anderen: Wir sind Studenten&#8230;Arbeiten werden erst wenige Wochen vor Abgabetermin angefangen. Und die Schweizer und viele unserer 05&#8217;er haben noch keine Ahnung, was wissenschaftliches Arbeiten \u00fcberhaupt ist.<\/li>\n<li>Ich (und mein Team): Wir betreuen das ISEM von der technischen Seite: <a target=\"_blank\" title=\"Moodle\" href=\"http:\/\/www.moodle.org\" rel=\"noopener\">Moodle<\/a>-System, Quellendatenbank, Zimmerb\u00f6rse, &#8230; Ihr habt keine Ahnung, wie wenig gesunden Menschenverstand es da manchmal gibt :(.<\/li>\n<li>Und dann gibt es da auch noch das OrgaTeam&#8230;<\/li>\n<\/ul>\n<p>Siehe auch: <a target=\"_blank\" title=\"ISem bei Wikipedia\" href=\"http:\/\/de.wikipedia.org\/wiki\/International_Seminar\" rel=\"noopener\">ISEM bei Wikipedia<\/a><\/p>\n<p><em>Hinweis: &#8222;Dieses Jahr&#8220; bezieht sich auf das Jahr 2006.<\/em><\/p>\n","protected":false},"excerpt":{"rendered":"<p>ISEM &#8211; was ist das? Der Begriff des International Seminars (ISEM, ISem, IntSem) taucht in meinen Posts \u00f6fters auf. Damit ihr euch nicht mehr fragen m\u00fcsst, was das eigentlich ist: Hier die Antwort. Viele (dieses Jahr etwa 130) Studenten aus Mannheim (BA), L\u00f6rrach (BA) und Basel (FHnw) werden in Gruppen (4 Leute) aufgeteilt und m\u00fcssen\u2026 <span class=\"read-more\"><a href=\"https:\/\/blog.dreier.cloud\/?page_id=14\">Weiterlesen &raquo;<\/a><\/span><\/p>\n","protected":false},"author":1,"featured_media":0,"parent":15,"menu_order":80,"comment_status":"open","ping_status":"open","template":"","meta":{"footnotes":""},"class_list":["post-14","page","type-page","status-publish","hentry"],"_links":{"self":[{"href":"https:\/\/blog.dreier.cloud\/index.php?rest_route=\/wp\/v2\/pages\/14","targetHints":{"allow":["GET"]}}],"collection":[{"href":"https:\/\/blog.dreier.cloud\/index.php?rest_route=\/wp\/v2\/pages"}],"about":[{"href":"https:\/\/blog.dreier.cloud\/index.php?rest_route=\/wp\/v2\/types\/page"}],"author":[{"embeddable":true,"href":"https:\/\/blog.dreier.cloud\/index.php?rest_route=\/wp\/v2\/users\/1"}],"replies":[{"embeddable":true,"href":"https:\/\/blog.dreier.cloud\/index.php?rest_route=%2Fwp%2Fv2%2Fcomments&post=14"}],"version-history":[{"count":0,"href":"https:\/\/blog.dreier.cloud\/index.php?rest_route=\/wp\/v2\/pages\/14\/revisions"}],"up":[{"embeddable":true,"href":"https:\/\/blog.dreier.cloud\/index.php?rest_route=\/wp\/v2\/pages\/15"}],"wp:attachment":[{"href":"https:\/\/blog.dreier.cloud\/index.php?rest_route=%2Fwp%2Fv2%2Fmedia&parent=14"}],"curies":[{"name":"wp","href":"https:\/\/api.w.org\/{rel}","templated":true}]}}